[INFO] fetching crate webpage 1.1.0...
[INFO] checking webpage-1.1.0 against master#cfbc6d4cf1acbac5c025acf8ed68929caa551df3 for pr-75494-beta
[INFO] extracting crate webpage 1.1.0 into /workspace/builds/worker-12/source
[INFO] validating manifest of crates.io crate webpage 1.1.0 on toolchain cfbc6d4cf1acbac5c025acf8ed68929caa551df3
[INFO] running `Command { std: "/workspace/cargo-home/bin/cargo" "+cfbc6d4cf1acbac5c025acf8ed68929caa551df3" "read-manifest" "--manifest-path" "Cargo.toml", kill_on_drop: false }`
[INFO] started tweaking crates.io crate webpage 1.1.0
[INFO] finished tweaking crates.io crate webpage 1.1.0
[INFO] tweaked toml for crates.io crate webpage 1.1.0 written to /workspace/builds/worker-12/source/Cargo.toml
[INFO] running `Command { std: "/workspace/cargo-home/bin/cargo" "+cfbc6d4cf1acbac5c025acf8ed68929caa551df3" "generate-lockfile" "--manifest-path" "Cargo.toml" "-Zno-index-update", kill_on_drop: false }`
[INFO] running `Command { std: "/workspace/cargo-home/bin/cargo" "+cfbc6d4cf1acbac5c025acf8ed68929caa551df3" "fetch" "--locked" "--manifest-path" "Cargo.toml", kill_on_drop: false }`
[INFO] running `Command { std: "docker" "create" "-v" "/var/lib/crater-agent-workspace/builds/worker-12/target:/opt/rustwide/target:rw,Z" "-v" "/var/lib/crater-agent-workspace/builds/worker-12/source:/opt/rustwide/workdir:ro,Z" "-v" "/var/lib/crater-agent-workspace/cargo-home:/opt/rustwide/cargo-home:ro,Z" "-v" "/var/lib/crater-agent-workspace/rustup-home:/opt/rustwide/rustup-home:ro,Z" "-e" "SOURCE_DIR=/opt/rustwide/workdir" "-e" "CARGO_TARGET_DIR=/opt/rustwide/target" "-e" "CARGO_HOME=/opt/rustwide/cargo-home" "-e" "RUSTUP_HOME=/opt/rustwide/rustup-home" "-w" "/opt/rustwide/workdir" "-m" "1610612736" "--user" "0:0" "--network" "none" "rustops/crates-build-env@sha256:a636fd89d022f18117e1dc8fb37a0a009933cdbbe082814857f0e2024962d47c" "/opt/rustwide/cargo-home/bin/cargo" "+cfbc6d4cf1acbac5c025acf8ed68929caa551df3" "metadata" "--no-deps" "--format-version=1", kill_on_drop: false }`
[INFO] [stderr] WARNING: Your kernel does not support swap limit capabilities or the cgroup is not mounted. Memory limited without swap.
[INFO] [stdout] cf6f7820870025df2187f50ab05f1bd5cdd8ea4ffbd0989826adbcc9a568bbf6
[INFO] running `Command { std: "docker" "start" "-a" "cf6f7820870025df2187f50ab05f1bd5cdd8ea4ffbd0989826adbcc9a568bbf6", kill_on_drop: false }`
[INFO] running `Command { std: "docker" "inspect" "cf6f7820870025df2187f50ab05f1bd5cdd8ea4ffbd0989826adbcc9a568bbf6", kill_on_drop: false }`
[INFO] running `Command { std: "docker" "rm" "-f" "cf6f7820870025df2187f50ab05f1bd5cdd8ea4ffbd0989826adbcc9a568bbf6", kill_on_drop: false }`
[INFO] [stdout] cf6f7820870025df2187f50ab05f1bd5cdd8ea4ffbd0989826adbcc9a568bbf6
[INFO] running `Command { std: "docker" "create" "-v" "/var/lib/crater-agent-workspace/builds/worker-12/target:/opt/rustwide/target:rw,Z" "-v" "/var/lib/crater-agent-workspace/builds/worker-12/source:/opt/rustwide/workdir:ro,Z" "-v" "/var/lib/crater-agent-workspace/cargo-home:/opt/rustwide/cargo-home:ro,Z" "-v" "/var/lib/crater-agent-workspace/rustup-home:/opt/rustwide/rustup-home:ro,Z" "-e" "SOURCE_DIR=/opt/rustwide/workdir" "-e" "CARGO_TARGET_DIR=/opt/rustwide/target" "-e" "CARGO_INCREMENTAL=0" "-e" "RUST_BACKTRACE=full" "-e" "RUSTFLAGS=--cap-lints=forbid" "-e" "CARGO_HOME=/opt/rustwide/cargo-home" "-e" "RUSTUP_HOME=/opt/rustwide/rustup-home" "-w" "/opt/rustwide/workdir" "-m" "1610612736" "--user" "0:0" "--network" "none" "rustops/crates-build-env@sha256:a636fd89d022f18117e1dc8fb37a0a009933cdbbe082814857f0e2024962d47c" "/opt/rustwide/cargo-home/bin/cargo" "+cfbc6d4cf1acbac5c025acf8ed68929caa551df3" "check" "--frozen" "--all" "--all-targets" "--message-format=json", kill_on_drop: false }`
[INFO] [stdout] dadd2fadd1e074a54bb42e0005d3cd3fbe8b5092b48b1ed87f458660a8207aa4
[INFO] [stderr] WARNING: Your kernel does not support swap limit capabilities or the cgroup is not mounted. Memory limited without swap.
[INFO] running `Command { std: "docker" "start" "-a" "dadd2fadd1e074a54bb42e0005d3cd3fbe8b5092b48b1ed87f458660a8207aa4", kill_on_drop: false }`
[INFO] [stderr]    Compiling libc v0.2.76
[INFO] [stderr]    Compiling proc-macro2 v1.0.19
[INFO] [stderr]    Compiling unicode-xid v0.2.1
[INFO] [stderr]    Compiling pkg-config v0.3.18
[INFO] [stderr]    Compiling cc v1.0.59
[INFO] [stderr]    Compiling syn v1.0.39
[INFO] [stderr]    Compiling autocfg v1.0.1
[INFO] [stderr]    Compiling proc-macro2 v0.4.30
[INFO] [stderr]    Compiling unicode-xid v0.1.0
[INFO] [stderr]     Checking cfg-if v0.1.10
[INFO] [stderr]     Checking lazy_static v1.4.0
[INFO] [stderr]    Compiling log v0.4.11
[INFO] [stderr]    Compiling curl v0.4.33
[INFO] [stderr]     Checking openssl-probe v0.1.2
[INFO] [stderr]    Compiling syn v0.15.44
[INFO] [stderr]     Checking futf v0.1.4
[INFO] [stderr]    Compiling serde v1.0.115
[INFO] [stderr]    Compiling ryu v1.0.5
[INFO] [stderr]    Compiling rand_pcg v0.1.2
[INFO] [stderr]    Compiling rand_chacha v0.1.1
[INFO] [stderr]     Checking serde_json v1.0.57
[INFO] [stderr]     Checking tendril v0.4.1
[INFO] [stderr]    Compiling quote v0.6.13
[INFO] [stderr]    Compiling rand_os v0.1.3
[INFO] [stderr]    Compiling quote v1.0.7
[INFO] [stderr]    Compiling libz-sys v1.1.0
[INFO] [stderr]    Compiling openssl-sys v0.9.58
[INFO] [stderr]    Compiling curl-sys v0.4.36+curl-7.71.1
[INFO] [stderr]    Compiling rand v0.6.5
[INFO] [stderr]     Checking socket2 v0.3.12
[INFO] [stderr]    Compiling phf_generator v0.7.24
[INFO] [stderr]    Compiling string_cache_codegen v0.4.4
[INFO] [stderr]    Compiling phf_codegen v0.7.24
[INFO] [stderr]    Compiling string_cache v0.7.5
[INFO] [stderr]    Compiling serde_derive v1.0.115
[INFO] [stderr]    Compiling html5ever v0.22.5
[INFO] [stderr]    Compiling markup5ever v0.7.5
[INFO] [stderr]     Checking webpage v1.1.0 (/opt/rustwide/workdir)
[INFO] [stdout] error[E0599]: no method named `is_none` found for struct `std::vec::Vec<schema_org::SchemaOrg>` in the current scope
[INFO] [stdout]   --> src/schema_org.rs:45:24
[INFO] [stdout]    |
[INFO] [stdout] 45 |         assert!(schema.is_none());
[INFO] [stdout]    |                        ^^^^^^^ method not found in `std::vec::Vec<schema_org::SchemaOrg>`
[INFO] [stdout] 
[INFO] [stdout] 
[INFO] [stdout] error[E0599]: no method named `is_some` found for struct `std::vec::Vec<schema_org::SchemaOrg>` in the current scope
[INFO] [stdout]   --> src/schema_org.rs:51:24
[INFO] [stdout]    |
[INFO] [stdout] 51 |         assert!(schema.is_some());
[INFO] [stdout]    |                        ^^^^^^^ method not found in `std::vec::Vec<schema_org::SchemaOrg>`
[INFO] [stdout] 
[INFO] [stdout] 
[INFO] [stdout] error[E0599]: no method named `unwrap` found for struct `std::vec::Vec<schema_org::SchemaOrg>` in the current scope
[INFO] [stdout]   --> src/schema_org.rs:52:27
[INFO] [stdout]    |
[INFO] [stdout] 52 |         assert_eq!(schema.unwrap().schema_type, "article");
[INFO] [stdout]    |                           ^^^^^^ method not found in `std::vec::Vec<schema_org::SchemaOrg>`
[INFO] [stdout] 
[INFO] [stdout] 
[INFO] [stdout] error: aborting due to 3 previous errors
[INFO] [stdout] 
[INFO] [stdout] 
[INFO] [stdout] For more information about this error, try `rustc --explain E0599`.
[INFO] [stdout] 
[INFO] [stderr] error: could not compile `webpage`.
[INFO] [stderr] 
[INFO] [stderr] To learn more, run the command again with --verbose.
[INFO] [stderr] warning: build failed, waiting for other jobs to finish...
[INFO] [stderr] error: build failed
[INFO] running `Command { std: "docker" "inspect" "dadd2fadd1e074a54bb42e0005d3cd3fbe8b5092b48b1ed87f458660a8207aa4", kill_on_drop: false }`
[INFO] running `Command { std: "docker" "rm" "-f" "dadd2fadd1e074a54bb42e0005d3cd3fbe8b5092b48b1ed87f458660a8207aa4", kill_on_drop: false }`
[INFO] [stdout] dadd2fadd1e074a54bb42e0005d3cd3fbe8b5092b48b1ed87f458660a8207aa4
